{"id":6322,"date":"2024-12-12T10:45:14","date_gmt":"2024-12-12T09:45:14","guid":{"rendered":"https:\/\/herzog-ludwig-rs.de\/web\/?page_id=6322"},"modified":"2025-11-09T12:00:59","modified_gmt":"2025-11-09T11:00:59","slug":"schulhund","status":"publish","type":"page","link":"https:\/\/herzog-ludwig-rs.de\/web\/schulfamilie\/schulhund\/","title":{"rendered":"SCHULHUND"},"content":{"rendered":"<div data-colibri-id=\"6322-c1\" class=\"style-1464 style-local-6322-c1 position-relative\">\n  <!---->\n  <div data-colibri-component=\"section\" data-colibri-id=\"6322-c2\" id=\"content\" class=\"h-section h-section-global-spacing d-flex align-items-lg-center align-items-md-center align-items-center style-1465 style-local-6322-c2 position-relative\">\n    <!---->\n    <!---->\n    <div class=\"h-section-grid-container h-section-boxed-container\">\n      <!---->\n      <div data-colibri-id=\"6322-c3\" class=\"h-row-container gutters-row-lg-2 gutters-row-md-2 gutters-row-2 gutters-row-v-lg-2 gutters-row-v-md-2 gutters-row-v-2 style-1466 style-local-6322-c3 position-relative\">\n        <!---->\n        <div class=\"h-row justify-content-lg-center justify-content-md-center justify-content-center align-items-lg-stretch align-items-md-stretch align-items-stretch gutters-col-lg-2 gutters-col-md-2 gutters-col-2 gutters-col-v-lg-2 gutters-col-v-md-2 gutters-col-v-2\">\n          <!---->\n          <div class=\"h-column h-column-container d-flex h-col-lg-auto h-col-md-auto h-col-auto style-1467-outer style-local-6322-c4-outer\">\n            <div data-colibri-id=\"6322-c4\" class=\"d-flex h-flex-basis h-column__inner h-px-lg-0 h-px-md-0 h-px-2 v-inner-lg-0 v-inner-md-0 v-inner-2 style-1467 style-local-6322-c4 position-relative\">\n              <!---->\n              <!---->\n              <div class=\"w-100 h-y-container h-column__content h-column__v-align flex-basis-100 align-self-lg-center align-self-md-center align-self-center\">\n                <!---->\n                <div data-colibri-id=\"6322-c5\" class=\"h-global-transition-all h-heading style-1468 style-local-6322-c5 position-relative h-element\">\n                  <!---->\n                  <div class=\"h-heading__outer style-1468 style-local-6322-c5\">\n                    <!---->\n                    <!---->\n                    <h3 class=\"\">Ich bin der \u201eNeue\u201c\u2026 Schulhund Timmy<\/h3>\n                  <\/div>\n                <\/div>\n                <div data-colibri-id=\"6322-c6\" class=\"h-row-container gutters-row-lg-0 gutters-row-md-0 gutters-row-2 gutters-row-v-lg-0 gutters-row-v-md-0 gutters-row-v-0 style-1469 style-local-6322-c6 position-relative\">\n                  <!---->\n                  <div class=\"h-row justify-content-lg-center justify-content-md-center justify-content-center align-items-lg-stretch align-items-md-stretch align-items-stretch gutters-col-lg-0 gutters-col-md-0 gutters-col-2 gutters-col-v-lg-0 gutters-col-v-md-0 gutters-col-v-0\">\n                    <!---->\n                    <div class=\"h-column h-column-container d-flex h-col-lg h-col-md h-col-auto style-1470-outer style-local-6322-c7-outer\">\n                      <div data-colibri-id=\"6322-c7\" class=\"d-flex h-flex-basis h-column__inner h-px-lg-1 h-px-md-1 h-px-1 v-inner-lg-1 v-inner-md-1 v-inner-1 style-1470 style-local-6322-c7 position-relative\">\n                        <!---->\n                        <!---->\n                        <div class=\"w-100 h-y-container h-column__content h-column__v-align flex-basis-100 align-self-lg-start align-self-md-start align-self-start\">\n                          <!---->\n                          <div data-colibri-id=\"6322-c8\" class=\"h-text h-text-component style-1472 style-local-6322-c8 position-relative h-element\">\n                            <!---->\n                            <!---->\n                            <div class=\"\">\n                              <p>INach den Allerheiligenferien werde ich meine Besitzerin Frau Heigl in ihren Unterricht begleiten. Ich bin ein 3-j\u00e4hriger Malteserr\u00fcde, der Erziehungskurse, Agility und Schulvorbereitungskurse absolviert hat. Ich mag Kinder\n                                und Jugendliche sehr gerne, m\u00f6chte aber nicht als Kuscheltier dienen, welches dauernd angefasst und geknuddelt wird. Auf Erlaubnis von Frau Heigl darf dosiert gestreichelt werden. Der Unterricht soll ganz normal laufen,\n                                ich sehe nur zu und werde in Teilbereiche des Unterrichtes einbezogen. Das Verantwortungsbewusstsein und die erworbenen Kompetenzerfahrungen mit mir als Schulhund sollen das Selbstvertrauen und das Selbstwertgef\u00fchl der\n                                Kinder st\u00e4rken.<\/p>\n                              <p>Als Malteser bin ich ein Hund, welcher kaum bis keine Haare verliert, ich wurde vor allem f\u00fcr Menschen gez\u00fcchtet, die allergisch auf Hundehaare reagieren. Meine Impfungen und Entwurmungen erhalte ich regelm\u00e4\u00dfig und bin auch\n                                gesund. Ich befinde mich regelm\u00e4\u00dfig in tier\u00e4rztlicher Untersuchung, um meinen Gesundheitszustand als Schulhund sicherzustellen. Was aber nicht hei\u00dft, dass die Sch\u00fclerinnen und Sch\u00fcler, die mich ber\u00fchren, sich nicht die\n                                H\u00e4nde waschen m\u00fcssen. Somit versuche ich auch zu einer Hygiene zu erziehen, die im Alltag wichtig ist.<\/p>\n                              <p>Au\u00dferdem bin ich in einer Hundehalterhaftpflichtversicherung versichert.<\/p>\n                              <p>Ich freue mich schon auf meinen Einsatz als Schulhund.<\/p>\n                              <p>Timmy Heigl<\/p>\n                            <\/div>\n                          <\/div>\n                        <\/div>\n                      <\/div>\n                    <\/div>\n                  <\/div>\n                <\/div>\n              <\/div>\n            <\/div>\n          <\/div>\n          <div class=\"h-column h-column-container d-flex h-col-lg-auto h-col-md-auto h-col-auto style-1473-outer style-local-6322-c11-outer\">\n            <div data-colibri-id=\"6322-c11\" class=\"d-flex h-flex-basis h-column__inner h-px-lg-0 h-px-md-2 h-px-0 v-inner-lg-0 v-inner-md-2 v-inner-0 style-1473 style-local-6322-c11 position-relative\">\n              <!---->\n              <!---->\n              <div class=\"w-100 h-y-container h-column__content h-column__v-align flex-basis-100 align-self-lg-start align-self-md-start align-self-start\">\n                <!---->\n                <div data-colibri-id=\"6322-c12\" class=\"d-block style-1474 style-local-6322-c12 position-relative h-element\">\n                  <!---->\n                  <div class=\"h-image__frame-container-outer\">\n                    <div class=\"h-image__frame-container\">\n                      <!---->\n                      <!---->\n                      <img loading=\"lazy\" decoding=\"async\" width=\"363\" height=\"496\" src=\"https:\/\/herzog-ludwig-rs.de\/web\/wp-content\/uploads\/2025\/11\/hund.jpg\" class=\"wp-image-6932 style-1474-image style-local-6322-c12-image\" alt=\"\" srcset=\"https:\/\/herzog-ludwig-rs.de\/web\/wp-content\/uploads\/2025\/11\/hund.jpg 363w, https:\/\/herzog-ludwig-rs.de\/web\/wp-content\/uploads\/2025\/11\/hund-220x300.jpg 220w\" sizes=\"(max-width: 363px) 100vw, 363px\" \/>\n                      <div class=\"h-image__frame h-hide-sm style-1474-frameImage style-local-6322-c12-frameImage\"><\/div>\n                    <\/div>\n                  <\/div>\n                <\/div>\n              <\/div>\n            <\/div>\n          <\/div>\n        <\/div>\n      <\/div>\n    <\/div>\n  <\/div>\n<\/div>","protected":false},"excerpt":{"rendered":"<p>Ich bin der \u201eNeue\u201c\u2026 Schulhund Timmy INach den Allerheiligenferien werde ich meine Besitzerin Frau Heigl in ihren Unterricht begleiten. Ich bin ein 3-j\u00e4hriger Malteserr\u00fcde, der Erziehungskurse, Agility und Schulvorbereitungskurse absolviert hat. Ich mag Kinder und Jugendliche sehr gerne, m\u00f6chte aber nicht als Kuscheltier dienen, welches dauernd angefasst und geknuddelt wird. Auf Erlaubnis von Frau Heigl [&hellip;]<\/p>\n","protected":false},"author":1,"featured_media":0,"parent":1628,"menu_order":0,"comment_status":"closed","ping_status":"closed","template":"page-templates\/full-width-page.php","meta":{"inline_featured_image":false,"footnotes":""},"_links":{"self":[{"href":"https:\/\/herzog-ludwig-rs.de\/web\/wp-json\/wp\/v2\/pages\/6322"}],"collection":[{"href":"https:\/\/herzog-ludwig-rs.de\/web\/wp-json\/wp\/v2\/pages"}],"about":[{"href":"https:\/\/herzog-ludwig-rs.de\/web\/wp-json\/wp\/v2\/types\/page"}],"author":[{"embeddable":true,"href":"https:\/\/herzog-ludwig-rs.de\/web\/wp-json\/wp\/v2\/users\/1"}],"replies":[{"embeddable":true,"href":"https:\/\/herzog-ludwig-rs.de\/web\/wp-json\/wp\/v2\/comments?post=6322"}],"version-history":[{"count":3,"href":"https:\/\/herzog-ludwig-rs.de\/web\/wp-json\/wp\/v2\/pages\/6322\/revisions"}],"predecessor-version":[{"id":6934,"href":"https:\/\/herzog-ludwig-rs.de\/web\/wp-json\/wp\/v2\/pages\/6322\/revisions\/6934"}],"up":[{"embeddable":true,"href":"https:\/\/herzog-ludwig-rs.de\/web\/wp-json\/wp\/v2\/pages\/1628"}],"wp:attachment":[{"href":"https:\/\/herzog-ludwig-rs.de\/web\/wp-json\/wp\/v2\/media?parent=6322"}],"curies":[{"name":"wp","href":"https:\/\/api.w.org\/{rel}","templated":true}]}}