{"id":3754,"date":"2024-05-04T20:18:49","date_gmt":"2024-05-04T18:18:49","guid":{"rendered":"https:\/\/herzog-ludwig-rs.de\/web\/?page_id=3754"},"modified":"2025-12-16T18:25:59","modified_gmt":"2025-12-16T17:25:59","slug":"foerderverein","status":"publish","type":"page","link":"https:\/\/herzog-ludwig-rs.de\/web\/schulfamilie\/eltern-erziehungsberechtigte\/foerderverein\/","title":{"rendered":"F\u00d6RDERVEREIN"},"content":{"rendered":"<div data-colibri-id=\"3754-c1\" class=\"style-1044 style-local-3754-c1 position-relative\">\n  <!---->\n  <div data-colibri-component=\"section\" data-colibri-id=\"3754-c2\" id=\"content\" class=\"h-section h-section-global-spacing d-flex align-items-lg-center align-items-md-center align-items-center style-1045 style-local-3754-c2 position-relative\">\n    <!---->\n    <!---->\n    <div class=\"h-section-grid-container h-section-boxed-container\">\n      <!---->\n      <div data-colibri-id=\"3754-c3\" class=\"h-row-container gutters-row-lg-2 gutters-row-md-2 gutters-row-2 gutters-row-v-lg-2 gutters-row-v-md-2 gutters-row-v-2 style-1046 style-local-3754-c3 position-relative\">\n        <!---->\n        <div class=\"h-row justify-content-lg-center justify-content-md-center justify-content-center align-items-lg-stretch align-items-md-stretch align-items-stretch gutters-col-lg-2 gutters-col-md-2 gutters-col-2 gutters-col-v-lg-2 gutters-col-v-md-2 gutters-col-v-2\">\n          <!---->\n          <div class=\"h-column h-column-container d-flex h-col-lg-auto h-col-md-auto h-col-auto style-1047-outer style-local-3754-c4-outer\">\n            <div data-colibri-id=\"3754-c4\" class=\"d-flex h-flex-basis h-column__inner h-px-lg-0 h-px-md-0 h-px-2 v-inner-lg-0 v-inner-md-0 v-inner-2 style-1047 style-local-3754-c4 position-relative\">\n              <!---->\n              <!---->\n              <div class=\"w-100 h-y-container h-column__content h-column__v-align flex-basis-100 align-self-lg-center align-self-md-center align-self-center\">\n                <!---->\n                <div data-colibri-id=\"3754-c5\" class=\"h-global-transition-all h-heading style-1048 style-local-3754-c5 position-relative h-element\">\n                  <!---->\n                  <div class=\"h-heading__outer style-1048 style-local-3754-c5\">\n                    <!---->\n                    <!---->\n                    <h3 class=\"\">F\u00f6rderverein der Herzog-Ludwig Realschule<\/h3>\n                  <\/div>\n                <\/div>\n                <div data-colibri-id=\"3754-c6\" class=\"h-text h-text-component style-1049 style-local-3754-c6 position-relative h-element\">\n                  <!---->\n                  <!---->\n                  <div class=\"\">\n                    <p><em style=\"font-weight: 600;\">Was und warum spendet man?<\/em><\/p>\n                    <p>Ausschlaggebend ist nicht die H\u00f6he der Spende, sondern allein die Tatsache, dass man spendet. Durch eine Satzungs\u00e4nderung ist jedem Mitglied freigestellt, welchen Betrag er spendet; der Mindestbeitrag sollte jedoch mindestens 30,00\n                      \u20ac j\u00e4hrlich betragen. Diese Angabe dient lediglich der Orientierung, eine Grenze nach oben oder unten gibt es selbstverst\u00e4ndlich nicht. Sollten mehrere Ihrer Kinder die Schule besuchen, so gen\u00fcgt eine Mitgliedschaft. Die gesamte Spende\n                      kommt ausschlie\u00dflich den Sch\u00fcler n\/innen zu gute, z. B. bei der Abschlussfahrt, im Skilager , bei Theater besuchen, bei Eintrittsgeldern und bei anderen schulischen Zwecken, f\u00fcr die keine F\u00f6rdermittel zu erhalten sind.<\/p>\n                    <p><em style=\"font-weight: 600;\">Wie werde ich Mitglied im F\u00f6rderverein?<\/em><\/p>\n                    <p>Wir bitten Sie, die Beitrittserkl\u00e4rung auszuf\u00fcllen und durch Ihren Sohn bzw. Ihre Tochter in die Schule zur\u00fcckbringen lassen. Um den Verwaltungsaufwand m\u00f6glichst gering zu halten erfolgt die Entrichtung der Elternspende unkompliziert\n                      mit dem Bank Einzugsverfahren.<\/p>\n                    <p>Wir bitten Sie h\u00f6flich, am Einzugsverfahren teilzunehmen und die n\u00f6tigen Angaben (Kontonummer und Bankleitzahl) in der Beitrittserkl\u00e4rung vollst\u00e4ndig auszuf\u00fcllen. Selbstverst\u00e4ndlich ist auch eine direkte Einzahlung auf eines der aufgef\u00fchrten\n                      Konten m\u00f6glich.<\/p>\n                    <p><em style=\"font-weight: 600;\">Beitritt, K\u00fcndigung, Spendenquittung<\/em><\/p>\n                    <p>Die Mitgliedschaft beginnt mit dem Zugang dieser Beitrittserkl\u00e4rung beim F\u00f6rderverein und endet mit Ihrer schriftlichen K\u00fcndigung zum Ende des laufenden Schuljahres. Der Lastschriftbeleg gilt zur Vorlage beim Finanzamt und kann als\n                      S P E N D E zur F\u00f6rderung der Erziehung, Volks- und Berufsausbildung steuerlich geltend gemacht werden. Bei Beitr\u00e4gen bzw. Spenden ab 50 \u20ac pro Jahr stellen wir eine Spendenquittung extra aus.<\/p>\n                    <p><span style=\"font-weight: 600;\">Wir danken f\u00fcr Ihre Mithilfe!<\/span><\/p>\n                    <p>Ihre Vorstandschaft des F\u00f6rdervereins<\/p>\n                    <p><span style=\"font-weight: 600;\">Alois Deser<\/span>, Vorsitzender, Halsbach, T: 08623\/985595 bzw. 0172 8495430, alois.deser@web.de<\/p>\n                    <p><strong>Marion Ehrenschwendtner<\/strong>, Kassiererin, Unterneukirchen<strong style=\"font-weight: 400;\">\ufeff<\/strong>, T: 0175 7509973 marion.ehrenschwendtner@gmail.com<\/p>\n                    <p><strong>Simone Brandner<\/strong>, Schriftf\u00fchrerin, Garching, T: 0176 83394313, brandner.simone@web.de<\/p>\n                    <p>Vertreter des Elternbeirats:<\/p>\n                    <p><span style=\"font-weight: 600;\">Sabine Schlagmann<\/span>&nbsp;s.schlagmann@web.de<\/p>\n                  <\/div>\n                <\/div>\n              <\/div>\n            <\/div>\n          <\/div>\n          <div class=\"h-column h-column-container d-flex h-col-lg-auto h-col-md-auto h-col-auto style-1050-outer style-local-3754-c7-outer\">\n            <div data-colibri-id=\"3754-c7\" class=\"d-flex h-flex-basis h-column__inner h-px-lg-0 h-px-md-2 h-px-0 v-inner-lg-0 v-inner-md-2 v-inner-0 style-1050 style-local-3754-c7 position-relative\">\n              <!---->\n              <!---->\n              <div class=\"w-100 h-y-container h-column__content h-column__v-align flex-basis-100 align-self-lg-start align-self-md-start align-self-start\">\n                <!---->\n                <div data-colibri-id=\"3754-c8\" class=\"d-block style-1051 style-local-3754-c8 position-relative h-element\">\n                  <!---->\n                  <div class=\"h-image__frame-container-outer\">\n                    <div class=\"h-image__frame-container\">\n                      <!---->\n                      <!---->\n                      <img loading=\"lazy\" decoding=\"async\" width=\"932\" height=\"707\" src=\"https:\/\/herzog-ludwig-rs.de\/web\/wp-content\/uploads\/2024\/02\/schnitt.png\" class=\"wp-image-2841 style-1051-image style-local-3754-c8-image\" alt=\"\" srcset=\"https:\/\/herzog-ludwig-rs.de\/web\/wp-content\/uploads\/2024\/02\/schnitt.png 932w, https:\/\/herzog-ludwig-rs.de\/web\/wp-content\/uploads\/2024\/02\/schnitt-300x228.png 300w, https:\/\/herzog-ludwig-rs.de\/web\/wp-content\/uploads\/2024\/02\/schnitt-768x583.png 768w\" sizes=\"(max-width: 932px) 100vw, 932px\" \/>\n                      <div class=\"h-image__frame h-hide-sm style-1051-frameImage style-local-3754-c8-frameImage\"><\/div>\n                    <\/div>\n                  <\/div>\n                <\/div>\n              <\/div>\n            <\/div>\n          <\/div>\n        <\/div>\n      <\/div>\n      <div data-colibri-id=\"3754-c9\" class=\"h-row-container gutters-row-lg-2 gutters-row-md-2 gutters-row-0 gutters-row-v-lg-2 gutters-row-v-md-2 gutters-row-v-2 style-1052 style-local-3754-c9 position-relative\">\n        <!---->\n        <div class=\"h-row justify-content-lg-center justify-content-md-center justify-content-center align-items-lg-stretch align-items-md-stretch align-items-stretch gutters-col-lg-2 gutters-col-md-2 gutters-col-0 gutters-col-v-lg-2 gutters-col-v-md-2 gutters-col-v-2\">\n          <!---->\n          <div class=\"h-column h-column-container d-flex h-col-lg-auto h-col-md-auto h-col-auto style-1053-outer style-local-3754-c10-outer\">\n            <div data-colibri-id=\"3754-c10\" class=\"d-flex h-flex-basis h-column__inner h-px-lg-2 h-px-md-2 h-px-2 v-inner-lg-2 v-inner-md-2 v-inner-2 style-1053 style-local-3754-c10 position-relative\">\n              <!---->\n              <!---->\n              <div class=\"w-100 h-y-container h-column__content h-column__v-align flex-basis-100 align-self-lg-start align-self-md-start align-self-start\">\n                <!---->\n                <div data-colibri-id=\"3754-c11\" class=\"h-x-container style-1054 style-local-3754-c11 position-relative h-element\">\n                  <!---->\n                  <div class=\"h-x-container-inner style-dynamic-3754-c11-group style-1054-spacing style-local-3754-c11-spacing\"><span class=\"h-button__outer style-1055-outer style-local-3754-c12-outer d-inline-flex h-element\"><a h-use-smooth-scroll=\"true\" href=\"mailto:alois.deser@web.de\"  data-colibri-id=\"3754-c12\" class=\"d-flex w-100 align-items-center h-button justify-content-lg-center justify-content-md-center justify-content-center style-1055 style-local-3754-c12 position-relative\"><!----><!----> <span>EMAIL_KONTAKT<\/span><\/a>\n                    <\/span>\n                  <\/div>\n                <\/div>\n                <div data-colibri-id=\"3754-c13\" class=\"h-x-container style-1056 style-local-3754-c13 position-relative h-element\">\n                  <!---->\n                  <div class=\"h-x-container-inner style-dynamic-3754-c13-group style-1056-spacing style-local-3754-c13-spacing\"><span class=\"h-button__outer style-1055-outer style-local-3754-c14-outer d-inline-flex h-element\"><a h-use-smooth-scroll=\"true\" href=\"https:\/\/herzog-ludwig-rs.de\/web\/wp-content\/uploads\/2024\/10\/Satzung.pdf\"  data-colibri-id=\"3754-c14\" class=\"d-flex w-100 align-items-center h-button justify-content-lg-center justify-content-md-center justify-content-center style-1055 style-local-3754-c14 position-relative\"><!----><!----> <span>SATZUNG<\/span><\/a>\n                    <\/span>\n                  <\/div>\n                <\/div>\n                <div data-colibri-id=\"3754-c15\" class=\"h-x-container style-1057 style-local-3754-c15 position-relative h-element\">\n                  <!---->\n                  <div class=\"h-x-container-inner style-dynamic-3754-c15-group style-1057-spacing style-local-3754-c15-spacing\"><span class=\"h-button__outer style-1055-outer style-local-3754-c16-outer d-inline-flex h-element\"><a h-use-smooth-scroll=\"true\" href=\"https:\/\/herzog-ludwig-rs.de\/web\/wp-content\/uploads\/2024\/10\/Unbenannte-Anlage-00005.pdf\"  data-colibri-id=\"3754-c16\" class=\"d-flex w-100 align-items-center h-button justify-content-lg-center justify-content-md-center justify-content-center style-1055 style-local-3754-c16 position-relative\"><!----><!----> <span>BEITRITTSERKL\u00c4RUNG<\/span><\/a>\n                    <\/span>\n                  <\/div>\n                <\/div>\n                <div data-colibri-id=\"3754-c17\" class=\"h-x-container style-1058 style-local-3754-c17 position-relative h-element\">\n                  <!---->\n                  <div class=\"h-x-container-inner style-dynamic-3754-c17-group style-1058-spacing style-local-3754-c17-spacing\"><span class=\"h-button__outer style-1055-outer style-local-3754-c18-outer d-inline-flex h-element\"><a h-use-smooth-scroll=\"true\" href=\"https:\/\/herzog-ludwig-rs.de\/web\/wp-content\/uploads\/2024\/10\/Zuschussantrag.pdf\"  data-colibri-id=\"3754-c18\" class=\"d-flex w-100 align-items-center h-button justify-content-lg-center justify-content-md-center justify-content-center style-1055 style-local-3754-c18 position-relative\"><!----><!----> <span>ANTRAG AUF F\u00d6RDERUNG<\/span><\/a>\n                    <\/span>\n                  <\/div>\n                <\/div>\n              <\/div>\n            <\/div>\n          <\/div>\n        <\/div>\n      <\/div>\n    <\/div>\n  <\/div>\n<\/div>","protected":false},"excerpt":{"rendered":"<p>F\u00f6rderverein der Herzog-Ludwig Realschule Was und warum spendet man? Ausschlaggebend ist nicht die H\u00f6he der Spende, sondern allein die Tatsache, dass man spendet. Durch eine Satzungs\u00e4nderung ist jedem Mitglied freigestellt, welchen Betrag er spendet; der Mindestbeitrag sollte jedoch mindestens 30,00 \u20ac j\u00e4hrlich betragen. Diese Angabe dient lediglich der Orientierung, eine Grenze nach oben oder unten [&hellip;]<\/p>\n","protected":false},"author":1,"featured_media":0,"parent":1892,"menu_order":0,"comment_status":"closed","ping_status":"closed","template":"page-templates\/full-width-page.php","meta":{"inline_featured_image":false,"footnotes":""},"_links":{"self":[{"href":"https:\/\/herzog-ludwig-rs.de\/web\/wp-json\/wp\/v2\/pages\/3754"}],"collection":[{"href":"https:\/\/herzog-ludwig-rs.de\/web\/wp-json\/wp\/v2\/pages"}],"about":[{"href":"https:\/\/herzog-ludwig-rs.de\/web\/wp-json\/wp\/v2\/types\/page"}],"author":[{"embeddable":true,"href":"https:\/\/herzog-ludwig-rs.de\/web\/wp-json\/wp\/v2\/users\/1"}],"replies":[{"embeddable":true,"href":"https:\/\/herzog-ludwig-rs.de\/web\/wp-json\/wp\/v2\/comments?post=3754"}],"version-history":[{"count":14,"href":"https:\/\/herzog-ludwig-rs.de\/web\/wp-json\/wp\/v2\/pages\/3754\/revisions"}],"predecessor-version":[{"id":7021,"href":"https:\/\/herzog-ludwig-rs.de\/web\/wp-json\/wp\/v2\/pages\/3754\/revisions\/7021"}],"up":[{"embeddable":true,"href":"https:\/\/herzog-ludwig-rs.de\/web\/wp-json\/wp\/v2\/pages\/1892"}],"wp:attachment":[{"href":"https:\/\/herzog-ludwig-rs.de\/web\/wp-json\/wp\/v2\/media?parent=3754"}],"curies":[{"name":"wp","href":"https:\/\/api.w.org\/{rel}","templated":true}]}}