{"id":3568,"date":"2024-04-28T19:01:54","date_gmt":"2024-04-28T17:01:54","guid":{"rendered":"https:\/\/herzog-ludwig-rs.de\/web\/?page_id=3568"},"modified":"2024-04-30T16:55:45","modified_gmt":"2024-04-30T14:55:45","slug":"ganztag","status":"publish","type":"page","link":"https:\/\/herzog-ludwig-rs.de\/web\/schulfamilie\/ganztag\/","title":{"rendered":"GANZTAG"},"content":{"rendered":"<div data-colibri-id=\"3568-c1\" class=\"style-971 style-local-3568-c1 position-relative\">\n  <!---->\n  <div data-colibri-component=\"section\" data-colibri-id=\"3568-c2\" id=\"content\" class=\"h-section h-section-global-spacing d-flex align-items-lg-center align-items-md-center align-items-center style-972 style-local-3568-c2 position-relative\">\n    <!---->\n    <!---->\n    <div class=\"h-section-grid-container h-section-boxed-container\">\n      <!---->\n      <div data-colibri-id=\"3568-c3\" class=\"h-row-container gutters-row-lg-2 gutters-row-md-2 gutters-row-2 gutters-row-v-lg-2 gutters-row-v-md-2 gutters-row-v-2 style-973 style-local-3568-c3 position-relative\">\n        <!---->\n        <div class=\"h-row justify-content-lg-center justify-content-md-center justify-content-center align-items-lg-stretch align-items-md-stretch align-items-stretch gutters-col-lg-2 gutters-col-md-2 gutters-col-2 gutters-col-v-lg-2 gutters-col-v-md-2 gutters-col-v-2\">\n          <!---->\n          <div class=\"h-column h-column-container d-flex h-col-lg-auto h-col-md-auto h-col-auto style-974-outer style-local-3568-c4-outer\">\n            <div data-colibri-id=\"3568-c4\" class=\"d-flex h-flex-basis h-column__inner h-px-lg-0 h-px-md-0 h-px-2 v-inner-lg-0 v-inner-md-0 v-inner-2 style-974 style-local-3568-c4 position-relative\">\n              <!---->\n              <!---->\n              <div class=\"w-100 h-y-container h-column__content h-column__v-align flex-basis-100 align-self-lg-center align-self-md-center align-self-center\">\n                <!---->\n                <div data-colibri-id=\"3568-c5\" class=\"h-global-transition-all h-heading style-975 style-local-3568-c5 position-relative h-element\">\n                  <!---->\n                  <div class=\"h-heading__outer style-975 style-local-3568-c5\">\n                    <!---->\n                    <!---->\n                    <h3 class=\"\">Offener Ganztag der Herzog-Ludwig Realschule<\/h3>\n                  <\/div>\n                <\/div>\n                <div data-colibri-component=\"tabs\" data-colibri-id=\"3568-c6\" class=\"h-tabs h-tabs-horizontal h-tabs--horizontal--auto-lg h-tabs--horizontal--auto-md h-tabs--horizontal--full h-tabs h-tabs-horizontal h-tabs--horizontal--auto-lg h-tabs--horizontal--auto-md h-tabs--horizontal--full style-993 style-local-3568-c6 position-relative h-element\">\n                  <!---->\n                  <div class=\"h-tabs-navigation d-flex h-tabs-navigation-horizontal\">\n                    <a href=\"#allgemeines\" class=\"h-tabs-navigation-item d-flex align-items-center h-global-transition h-tabs-navigation-active-item h-custom-active-state\" rel=\"#allgemeines\">\n                      <!----><span class=\"h-tabs-navigation-item__text\">Allgemeines<\/span><\/a>\n                    <a href=\"#kooperation\" class=\"h-tabs-navigation-item d-flex align-items-center h-global-transition\" rel=\"#kooperation\">\n                      <!----><span class=\"h-tabs-navigation-item__text\">Kooperation<\/span><\/a>\n                    <a href=\"#ablauf\" class=\"h-tabs-navigation-item d-flex align-items-center h-global-transition\" rel=\"#ablauf\">\n                      <!----><span class=\"h-tabs-navigation-item__text\">Ablauf<\/span><\/a>\n                  <\/div>\n                  <div id=\"allgemeines\" skip-smooth-scroll=\"true\" skip-scroll-spy=\"true\" data-colibri-id=\"3568-c7\" class=\"h-tabs-item-content h-tabs-item h-tabs-content-horizontal h-tabs-content-3568-c7 style-994 style-local-3568-c7 position-relative h-element h-tabs-content-active\">\n                    <!---->\n                    <div class=\"w-100 h-y-container\">\n                      <!---->\n                      <div data-colibri-id=\"3568-c8\" class=\"h-text h-text-component style-995 style-local-3568-c8 position-relative h-element\">\n                        <!---->\n                        <!---->\n                        <div class=\"\">\n                          <p>Seit dem Schuljahr 2017\/18 wird an unserer Realschule f\u00fcr die Sch\u00fclerinnen und Sch\u00fcler der Jahrgangsstufen 5 und 6 eine offene Ganztagsschule angeboten. Die offene Ganztagsschule bietet im Anschluss an den Vormittagsunterricht\n                            montags bis donnerstags von 13:00 bis 16:00 Uhr verl\u00e4ssliche Betreuungs- und Bildungsangebote f\u00fcr diejenigen Sch\u00fclerinnen und Sch\u00fcler an, die von ihren Eltern daf\u00fcr angemeldet werden. Die Angebote sind grunds\u00e4tzlich kostenfrei.\n                            Es fallen im Regelfall lediglich Kosten f\u00fcr das Mittagessen in der Schule an. W\u00e4hrend der Ferien findet keine Betreuung im Rahmen der offenen Ganztagsschule statt.<\/p>\n                          <p>Die Angebote umfassen grunds\u00e4tzlich eine verpflichtende Teilnahme an der gemeinsamen Mittagsverpflegung, eine Hausaufgabenbetreuung sowie verschiedene Freizeit- oder F\u00f6rderangebote. Die offene Ganztagsbetreuung ist ein freiwilliges\n                            schulisches Angebot. Wenn Sie Ihr Kind f\u00fcr die offene Ganztagsschule anmelden, besteht Anwesenheits- und Teilnahmepflicht \u00fcber das gesamte Schuljahr!<\/p>\n                          <p>Die Anmeldung erfolgt verbindlich f\u00fcr das n\u00e4chste Schuljahr im Voraus, damit eine verl\u00e4ssliche Betreuung ab Schuljahresbeginn gew\u00e4hrleistet werden kann. Die Sch\u00fclerinnen und Sch\u00fcler m\u00fcssen mindestens f\u00fcr zwei Nachmittage bis\n                            16:00 Uhr angemeldet werden.<\/p>\n                          <p><em style=\"font-weight: 600;\">Veronika Zellner, BerRin<\/em><\/p>\n                        <\/div>\n                      <\/div>\n                    <\/div>\n                  <\/div>\n                  <div id=\"kooperation\" skip-smooth-scroll=\"true\" skip-scroll-spy=\"true\" data-colibri-id=\"3568-c9\" class=\"h-tabs-item-content h-tabs-item h-tabs-content-horizontal h-tabs-content-3568-c9 style-996 style-local-3568-c9 position-relative h-element hide\">\n                    <!---->\n                    <div class=\"w-100 h-y-container\">\n                      <!---->\n                      <div data-colibri-id=\"3568-c10\" class=\"h-text h-text-component style-997 style-local-3568-c10 position-relative h-element\">\n                        <!---->\n                        <!---->\n                        <div class=\"\">\n                          <p>Die Betreuung im Rahmen der offenen Ganztagsschule wird unter der Verantwortung der Schulleitung durch das p\u00e4dagogische Personal unseres externen Kooperationspartners <span style=\"font-weight: 600;\">gfi <\/span>GmbH (Gesellschaft\n                            zur F\u00f6rderung beruflicher und sozialer Integration GmbH) durchgef\u00fchrt.<\/p>\n                        <\/div>\n                      <\/div>\n                    <\/div>\n                  <\/div>\n                  <div id=\"ablauf\" skip-smooth-scroll=\"true\" skip-scroll-spy=\"true\" data-colibri-id=\"3568-c11\" class=\"h-tabs-item-content h-tabs-item h-tabs-content-horizontal h-tabs-content-3568-c11 style-998 style-local-3568-c11 position-relative h-element hide\">\n                    <!---->\n                    <div class=\"w-100 h-y-container\">\n                      <!---->\n                      <div data-colibri-id=\"3568-c12\" class=\"h-text h-text-component style-999 style-local-3568-c12 position-relative h-element\">\n                        <!---->\n                        <!---->\n                        <div class=\"\">\n                          <p><em style=\"font-weight: 600;\">13:00 bis 13:45 Uhr<\/em><\/p>\n                          <p><span style=\"font-weight: 600;\">Treffen<\/span><\/p>\n                          <p>Treffen im Raum der offenen Ganztagsschule anschlie\u00dfend gemeinsames Mittagessen in der Cafeteria und Bewegungspause. Das Mittagessen ist f\u00fcr alle verpflichtend. Den Speiseplan und weitere Modalit\u00e4ten finden Sie auf unserer Webseite.<\/p>\n                          <p><em style=\"font-weight: 600;\">13:45 bis 15:00 Uhr<\/em><\/p>\n                          <p><span style=\"font-weight: 600;\">Studierzeit<\/span><\/p>\n                          <p>Unsere Sch\u00fclerinnen und Sch\u00fcler werden in der Hausaufgabenbetreuung vom p\u00e4dagogischen Personal und von Tutoren (Sch\u00fclerinnen und Sch\u00fcler aus h\u00f6heren Jahrgangsstufen) unterst\u00fctzt und begleitet.<\/p>\n                          <p><em style=\"font-weight: 600;\">15:00 bis 16:00 Uhr<\/em><\/p>\n                          <p><span style=\"font-weight: 600;\">Freizeitangebote<\/span><\/p>\n                          <p>Kreative, spielerische und sportliche Angebote erg\u00e4nzen den Tagesablauf in der offenen Ganztagsschule.<\/p>\n                        <\/div>\n                      <\/div>\n                    <\/div>\n                  <\/div>\n                <\/div>\n              <\/div>\n            <\/div>\n          <\/div>\n          <div class=\"h-column h-column-container d-flex h-col-lg-auto h-col-md-auto h-col-auto style-981-outer style-local-3568-c13-outer\">\n            <div data-colibri-id=\"3568-c13\" class=\"d-flex h-flex-basis h-column__inner h-px-lg-0 h-px-md-2 h-px-0 v-inner-lg-0 v-inner-md-2 v-inner-0 style-981 style-local-3568-c13 position-relative\">\n              <!---->\n              <!---->\n              <div class=\"w-100 h-y-container h-column__content h-column__v-align flex-basis-100 align-self-lg-start align-self-md-start align-self-start\">\n                <!---->\n                <div data-colibri-id=\"3568-c14\" class=\"d-block style-982 style-local-3568-c14 position-relative h-element\">\n                  <!---->\n                  <div class=\"h-image__frame-container-outer\">\n                    <div class=\"h-image__frame-container\">\n                      <!---->\n                      <!---->\n                      <img loading=\"lazy\" decoding=\"async\" width=\"2560\" height=\"1726\" src=\"https:\/\/herzog-ludwig-rs.de\/web\/wp-content\/uploads\/2024\/01\/20230119_142505-scaled.jpg\" class=\"wp-image-1451 style-982-image style-local-3568-c14-image\" alt=\"\" srcset=\"https:\/\/herzog-ludwig-rs.de\/web\/wp-content\/uploads\/2024\/01\/20230119_142505-scaled.jpg 2560w, https:\/\/herzog-ludwig-rs.de\/web\/wp-content\/uploads\/2024\/01\/20230119_142505-300x202.jpg 300w, https:\/\/herzog-ludwig-rs.de\/web\/wp-content\/uploads\/2024\/01\/20230119_142505-1024x690.jpg 1024w, https:\/\/herzog-ludwig-rs.de\/web\/wp-content\/uploads\/2024\/01\/20230119_142505-768x518.jpg 768w, https:\/\/herzog-ludwig-rs.de\/web\/wp-content\/uploads\/2024\/01\/20230119_142505-1536x1035.jpg 1536w, https:\/\/herzog-ludwig-rs.de\/web\/wp-content\/uploads\/2024\/01\/20230119_142505-2048x1381.jpg 2048w\" sizes=\"(max-width: 2560px) 100vw, 2560px\" \/>\n                      <div class=\"h-image__frame h-hide-sm style-982-frameImage style-local-3568-c14-frameImage\"><\/div>\n                    <\/div>\n                  <\/div>\n                <\/div>\n              <\/div>\n            <\/div>\n          <\/div>\n        <\/div>\n      <\/div>\n      <div data-colibri-id=\"3568-c15\" class=\"h-row-container gutters-row-lg-2 gutters-row-md-2 gutters-row-0 gutters-row-v-lg-2 gutters-row-v-md-2 gutters-row-v-2 style-983 style-local-3568-c15 position-relative\">\n        <!---->\n        <div class=\"h-row justify-content-lg-center justify-content-md-center justify-content-center align-items-lg-stretch align-items-md-stretch align-items-stretch gutters-col-lg-2 gutters-col-md-2 gutters-col-0 gutters-col-v-lg-2 gutters-col-v-md-2 gutters-col-v-2\">\n          <!---->\n          <div class=\"h-column h-column-container d-flex h-col-lg-12 h-col-md-12 h-col-12 style-984-outer style-local-3568-c16-outer\">\n            <div data-colibri-id=\"3568-c16\" class=\"d-flex h-flex-basis h-column__inner h-px-lg-2 h-px-md-2 h-px-2 v-inner-lg-2 v-inner-md-2 v-inner-2 style-984 style-local-3568-c16 position-relative\">\n              <!---->\n              <!---->\n              <div class=\"w-100 h-y-container h-column__content h-column__v-align flex-basis-100 align-self-lg-start align-self-md-start align-self-start\">\n                <!---->\n                <div data-colibri-id=\"3568-c17\" class=\"h-text h-text-component style-1002 style-local-3568-c17 position-relative h-element\">\n                  <!---->\n                  <!---->\n                  <div class=\"\">\n                    <p>Die Anmeldung erfolgt ausschlie\u00dflich \u00fcber das Anmeldeformular bei der Einschreibung Ihres Kindes an unsere Schule. Die Sch\u00fclerinnen und Sch\u00fcler m\u00fcssen mindestens f\u00fcr zwei Nachmittage bis 16:00 Uhr angemeldet werden . Informieren Sie\n                      sich daher im Vorfeld auch \u00fcber die Buszeiten am Nachmittag. Die Anmeldung ist verbindlich f\u00fcr das gesamte Schuljahr . Befreiungen von der Teilnahmepflicht, bzw. eine Beendigung des Besuchs w\u00e4hrend des Schuljahres k\u00f6nnen nur in begr\u00fcndeten\n                      Ausnahmef\u00e4llen aus zwingenden pers\u00f6nlichen Gr\u00fcnden gestattet werden.<\/p>\n                  <\/div>\n                <\/div>\n                <div data-colibri-id=\"3568-c18\" class=\"h-x-container style-1005 style-local-3568-c18 position-relative h-element\">\n                  <!---->\n                  <div class=\"h-x-container-inner style-dynamic-3568-c18-group style-1005-spacing style-local-3568-c18-spacing\"><span class=\"h-button__outer style-1006-outer style-local-3568-c19-outer d-inline-flex h-element\"><a h-use-smooth-scroll=\"true\" href=\"\"  data-colibri-id=\"3568-c19\" class=\"d-flex w-100 align-items-center h-button justify-content-lg-center justify-content-md-center justify-content-center style-1006 style-local-3568-c19 position-relative\"><!----><!----> <span>Anmeldung-Formular<\/span><\/a>\n                    <\/span>\n                  <\/div>\n                <\/div>\n                <div data-colibri-id=\"3568-c20\" class=\"h-x-container style-1007 style-local-3568-c20 position-relative h-element\">\n                  <!---->\n                  <div class=\"h-x-container-inner style-dynamic-3568-c20-group style-1007-spacing style-local-3568-c20-spacing\"><span class=\"h-button__outer style-1006-outer style-local-3568-c21-outer d-inline-flex h-element\"><a h-use-smooth-scroll=\"true\" href=\"\"  data-colibri-id=\"3568-c21\" class=\"d-flex w-100 align-items-center h-button justify-content-lg-center justify-content-md-center justify-content-center style-1006 style-local-3568-c21 position-relative\"><!----><!----> <span>Info-Video<\/span><\/a>\n                    <\/span>\n                  <\/div>\n                <\/div>\n              <\/div>\n            <\/div>\n          <\/div>\n          <div class=\"h-column h-column-container d-flex h-col-lg-12 h-col-md-12 h-col-12 style-1022-outer style-local-3568-c43-outer\">\n            <div data-colibri-id=\"3568-c43\" class=\"d-flex h-flex-basis h-column__inner h-ui-empty-state-container h-px-lg-2 h-px-md-2 h-px-2 v-inner-lg-2 v-inner-md-2 v-inner-2 style-1022 style-local-3568-c43 position-relative\">\n              <!---->\n              <!---->\n              <div class=\"w-100 h-y-container h-column__content h-column__v-align flex-basis-100\">\n                <!---->\n              <\/div>\n            <\/div>\n          <\/div>\n        <\/div>\n      <\/div>\n    <\/div>\n  <\/div>\n<\/div>","protected":false},"excerpt":{"rendered":"<p>Offener Ganztag der Herzog-Ludwig Realschule Allgemeines Kooperation Ablauf Seit dem Schuljahr 2017\/18 wird an unserer Realschule f\u00fcr die Sch\u00fclerinnen und Sch\u00fcler der Jahrgangsstufen 5 und 6 eine offene Ganztagsschule angeboten. Die offene Ganztagsschule bietet im Anschluss an den Vormittagsunterricht montags bis donnerstags von 13:00 bis 16:00 Uhr verl\u00e4ssliche Betreuungs- und Bildungsangebote f\u00fcr diejenigen Sch\u00fclerinnen und [&hellip;]<\/p>\n","protected":false},"author":1,"featured_media":0,"parent":1628,"menu_order":0,"comment_status":"closed","ping_status":"closed","template":"page-templates\/full-width-page.php","meta":{"inline_featured_image":false,"footnotes":""},"_links":{"self":[{"href":"https:\/\/herzog-ludwig-rs.de\/web\/wp-json\/wp\/v2\/pages\/3568"}],"collection":[{"href":"https:\/\/herzog-ludwig-rs.de\/web\/wp-json\/wp\/v2\/pages"}],"about":[{"href":"https:\/\/herzog-ludwig-rs.de\/web\/wp-json\/wp\/v2\/types\/page"}],"author":[{"embeddable":true,"href":"https:\/\/herzog-ludwig-rs.de\/web\/wp-json\/wp\/v2\/users\/1"}],"replies":[{"embeddable":true,"href":"https:\/\/herzog-ludwig-rs.de\/web\/wp-json\/wp\/v2\/comments?post=3568"}],"version-history":[{"count":20,"href":"https:\/\/herzog-ludwig-rs.de\/web\/wp-json\/wp\/v2\/pages\/3568\/revisions"}],"predecessor-version":[{"id":3703,"href":"https:\/\/herzog-ludwig-rs.de\/web\/wp-json\/wp\/v2\/pages\/3568\/revisions\/3703"}],"up":[{"embeddable":true,"href":"https:\/\/herzog-ludwig-rs.de\/web\/wp-json\/wp\/v2\/pages\/1628"}],"wp:attachment":[{"href":"https:\/\/herzog-ludwig-rs.de\/web\/wp-json\/wp\/v2\/media?parent=3568"}],"curies":[{"name":"wp","href":"https:\/\/api.w.org\/{rel}","templated":true}]}}