{"id":2755,"date":"2024-02-25T19:01:51","date_gmt":"2024-02-25T18:01:51","guid":{"rendered":"https:\/\/herzog-ludwig-rs.de\/web\/?page_id=2755"},"modified":"2026-03-05T12:16:18","modified_gmt":"2026-03-05T11:16:18","slug":"schueler-innen","status":"publish","type":"page","link":"https:\/\/herzog-ludwig-rs.de\/web\/schueler-innen\/","title":{"rendered":"SCH\u00dcLER\/INNEN"},"content":{"rendered":"<div data-colibri-id=\"2755-c1\" class=\"style-923 style-local-2755-c1 position-relative\">\n  <!---->\n  <div data-colibri-component=\"section\" data-colibri-id=\"2755-c2\" id=\"content\" class=\"h-section h-section-global-spacing d-flex align-items-lg-center align-items-md-center align-items-center style-924 style-local-2755-c2 position-relative\">\n    <!---->\n    <!---->\n    <div class=\"h-section-grid-container h-section-boxed-container\">\n      <!---->\n      <div data-colibri-id=\"2755-c3\" class=\"h-row-container gutters-row-lg-2 gutters-row-md-2 gutters-row-2 gutters-row-v-lg-2 gutters-row-v-md-2 gutters-row-v-2 style-925 style-local-2755-c3 position-relative\">\n        <!---->\n        <div class=\"h-row justify-content-lg-center justify-content-md-center justify-content-center align-items-lg-stretch align-items-md-stretch align-items-stretch gutters-col-lg-2 gutters-col-md-2 gutters-col-2 gutters-col-v-lg-2 gutters-col-v-md-2 gutters-col-v-2\">\n          <!---->\n          <div class=\"h-column h-column-container d-flex h-col-lg-auto h-col-md-auto h-col-auto style-926-outer style-local-2755-c4-outer\">\n            <div data-colibri-id=\"2755-c4\" class=\"d-flex h-flex-basis h-column__inner h-px-lg-0 h-px-md-0 h-px-2 v-inner-lg-0 v-inner-md-0 v-inner-2 style-926 style-local-2755-c4 position-relative\">\n              <!---->\n              <!---->\n              <div class=\"w-100 h-y-container h-column__content h-column__v-align flex-basis-100 align-self-lg-center align-self-md-center align-self-center\">\n                <!---->\n                <div data-colibri-id=\"2755-c5\" class=\"h-global-transition-all h-heading style-927 style-local-2755-c5 position-relative h-element\">\n                  <!---->\n                  <div class=\"h-heading__outer style-927 style-local-2755-c5\">\n                    <!---->\n                    <!---->\n                    <h3 class=\"\">Sch\u00fclermitverantwortung<\/h3>\n                  <\/div>\n                <\/div>\n                <div data-colibri-id=\"2755-c6\" class=\"h-text h-text-component style-928 style-local-2755-c6 position-relative h-element\">\n                  <!---->\n                  <!---->\n                  <div class=\"\">\n                    <p>Die Abk\u00fcrzung <span style=\"font-weight: 600;\">SMV <\/span>steht f\u00fcr Sch\u00fclermitverantwortung. Im Rahmen der Sch\u00fclermitverantwortung soll allen Sch\u00fclern die M\u00f6glichkeit gegeben werden, Leben und Unterricht ihrer Schule ihrem Alter und\n                      ihrer Verantwortungsf\u00e4higkeit entsprechend mitzugestalten; hierf\u00fcr werden Sch\u00fclersprecher und Sch\u00fclersprecherinnen sowie deren Stellvertreter und deren Stellvertreterinnen gew\u00e4hlt.<\/p>\n                    <p><em style=\"font-size: 92%;\">Die aktuellen Sch\u00fclersprecher sind von hinten links: Raphael Ritter, Joshua Zwiselsperger, Gerg\u00f6 Rechtenwald und vorne mittig Hanna Mitterer, Schulleiter Martin Burger<\/em><\/p>\n                  <\/div>\n                <\/div>\n                <div data-colibri-id=\"2755-c7\" class=\"h-row-container gutters-row-lg-0 gutters-row-md-0 gutters-row-2 gutters-row-v-lg-0 gutters-row-v-md-0 gutters-row-v-0 style-929 style-local-2755-c7 position-relative\">\n                  <!---->\n                  <div class=\"h-row justify-content-lg-center justify-content-md-center justify-content-center align-items-lg-stretch align-items-md-stretch align-items-stretch gutters-col-lg-0 gutters-col-md-0 gutters-col-2 gutters-col-v-lg-0 gutters-col-v-md-0 gutters-col-v-0\">\n                    <!---->\n                    <div class=\"h-column h-column-container d-flex h-col-lg h-col-md h-col-auto style-930-outer style-local-2755-c8-outer\">\n                      <div data-colibri-id=\"2755-c8\" class=\"d-flex h-flex-basis h-column__inner h-px-lg-1 h-px-md-1 h-px-1 v-inner-lg-1 v-inner-md-1 v-inner-1 style-930 style-local-2755-c8 position-relative\">\n                        <!---->\n                        <!---->\n                        <div class=\"w-100 h-y-container h-column__content h-column__v-align flex-basis-100 align-self-lg-start align-self-md-start align-self-start\">\n                          <!---->\n                          <div data-colibri-id=\"2755-c9\" class=\"h-text h-text-component style-932 style-local-2755-c9 position-relative h-element\">\n                            <!---->\n                            <!---->\n                            <div class=\"\">\n                              <p>Zu den Aufgaben der Sch\u00fclermitverantwortung geh\u00f6ren insbesondere:<\/p>\n                              <p>\u2022 die Durchf\u00fchrung gemeinsamer Veranstaltungen,<\/p>\n                              <p>\u2022 die \u00dcbernahme von Ordnungsaufgaben,<\/p>\n                              <p>\u2022 die Wahrnehmung schulischer Interessen der Sch\u00fcler und<\/p>\n                              <p>\u2022 die Mithilfe bei der L\u00f6sung von Konfliktf\u00e4llen.<\/p>\n                            <\/div>\n                          <\/div>\n                        <\/div>\n                      <\/div>\n                    <\/div>\n                  <\/div>\n                <\/div>\n              <\/div>\n            <\/div>\n          <\/div>\n          <div class=\"h-column h-column-container d-flex h-col-lg-auto h-col-md-auto h-col-auto style-933-outer style-local-2755-c10-outer\">\n            <div data-colibri-id=\"2755-c10\" class=\"d-flex h-flex-basis h-column__inner h-px-lg-0 h-px-md-2 h-px-0 v-inner-lg-0 v-inner-md-2 v-inner-0 style-933 style-local-2755-c10 position-relative\">\n              <!---->\n              <!---->\n              <div class=\"w-100 h-y-container h-column__content h-column__v-align flex-basis-100 align-self-lg-start align-self-md-start align-self-start\">\n                <!---->\n                <div data-colibri-id=\"2755-c11\" class=\"d-block style-934 style-local-2755-c11 position-relative h-element\">\n                  <!---->\n                  <div class=\"h-image__frame-container-outer\">\n                    <div class=\"h-image__frame-container\">\n                      <!---->\n                      <!---->\n                      <img loading=\"lazy\" decoding=\"async\" width=\"2560\" height=\"1920\" src=\"https:\/\/herzog-ludwig-rs.de\/web\/wp-content\/uploads\/2026\/03\/P1260961.JPG-scaled.jpeg\" class=\"wp-image-7324 style-934-image style-local-2755-c11-image\" alt=\"\" srcset=\"https:\/\/herzog-ludwig-rs.de\/web\/wp-content\/uploads\/2026\/03\/P1260961.JPG-scaled.jpeg 2560w, https:\/\/herzog-ludwig-rs.de\/web\/wp-content\/uploads\/2026\/03\/P1260961.JPG-300x225.jpeg 300w, https:\/\/herzog-ludwig-rs.de\/web\/wp-content\/uploads\/2026\/03\/P1260961.JPG-1024x768.jpeg 1024w, https:\/\/herzog-ludwig-rs.de\/web\/wp-content\/uploads\/2026\/03\/P1260961.JPG-768x576.jpeg 768w, https:\/\/herzog-ludwig-rs.de\/web\/wp-content\/uploads\/2026\/03\/P1260961.JPG-1536x1152.jpeg 1536w, https:\/\/herzog-ludwig-rs.de\/web\/wp-content\/uploads\/2026\/03\/P1260961.JPG-2048x1536.jpeg 2048w\" sizes=\"(max-width: 2560px) 100vw, 2560px\" \/>\n                      <div class=\"h-image__frame h-hide-sm style-934-frameImage style-local-2755-c11-frameImage\"><\/div>\n                    <\/div>\n                  <\/div>\n                <\/div>\n              <\/div>\n            <\/div>\n          <\/div>\n        <\/div>\n      <\/div>\n      <div data-colibri-id=\"2755-c12\" class=\"h-row-container gutters-row-lg-2 gutters-row-md-2 gutters-row-0 gutters-row-v-lg-2 gutters-row-v-md-2 gutters-row-v-2 style-1384 style-local-2755-c12 position-relative\">\n        <!---->\n        <div class=\"h-row justify-content-lg-center justify-content-md-center justify-content-center align-items-lg-stretch align-items-md-stretch align-items-stretch gutters-col-lg-2 gutters-col-md-2 gutters-col-0 gutters-col-v-lg-2 gutters-col-v-md-2 gutters-col-v-2\">\n          <!---->\n          <div class=\"h-column h-column-container d-flex h-col-lg-auto h-col-md-auto h-col-auto style-1385-outer style-local-2755-c13-outer\">\n            <div data-colibri-id=\"2755-c13\" class=\"d-flex h-flex-basis h-column__inner h-px-lg-2 h-px-md-2 h-px-2 v-inner-lg-2 v-inner-md-2 v-inner-2 style-1385 style-local-2755-c13 position-relative\">\n              <!---->\n              <!---->\n              <div class=\"w-100 h-y-container h-column__content h-column__v-align flex-basis-100 align-self-lg-start align-self-md-start align-self-start\">\n                <!---->\n                <div data-colibri-component=\"masonry\" data-colibri-id=\"2755-c14\" class=\"h-photo-gallery margin-none caption-none style-1386 style-local-2755-c14 position-relative h-element\">\n                  <!---->\n                  <div class=\"h-global-transition-all\"><div id='colibri-2755-c14' class='gallery-wrapper'>    <style type=\"text\/css\">\n\n        @media (min-width: 1023px) {        #colibri-2755-c14        dl {\n            float: left;\n            width: 14.2857142857% !important;\n            max-width: 14.2857142857% !important;\n            min-width: 14.2857142857% !important;\n        }\n\n        #colibri-2755-c14        dl:nth-of-type(7n +1 ) {\n            clear: both;\n        }\n\n        }@media (min-width: 768px) and (max-width: 1023px) {        #colibri-2755-c14        dl {\n            float: left;\n            width: 14.2857142857% !important;\n            max-width: 14.2857142857% !important;\n            min-width: 14.2857142857% !important;\n        }\n\n        #colibri-2755-c14        dl:nth-of-type(7n +1 ) {\n            clear: both;\n        }\n\n        }@media (max-width: 767px) {        #colibri-2755-c14        dl {\n            float: left;\n            width: 14.2857142857% !important;\n            max-width: 14.2857142857% !important;\n            min-width: 14.2857142857% !important;\n        }\n\n        #colibri-2755-c14        dl:nth-of-type(7n +1 ) {\n            clear: both;\n        }\n\n        }\n        #colibri-2755-c14        .gallery-item {\n            position: relative;\n        }\n\n        \n    <\/style>\n    <div   class='colibri-2755-c14-dls-wrapper gallery-items-wrapper' ><dl class='gallery-item masonry-item'>\n\t\t\t<dt class='gallery-icon landscape'>\n\t\t\t\t<a data-fancybox=\"colibri-2755-c14-group\" href='https:\/\/herzog-ludwig-rs.de\/web\/wp-content\/uploads\/2024\/09\/Klassensprechera-usflug.jpeg'><img loading=\"lazy\" decoding=\"async\"  width=\"150\" height=\"150\" src=\"https:\/\/herzog-ludwig-rs.de\/web\/wp-content\/uploads\/2024\/09\/Klassensprechera-usflug-150x150.jpeg\"  class='colibri-2755-c14-image' alt=\"\" \/><\/a>\n\t\t\t<\/dt><\/dl><dl class='gallery-item masonry-item'>\n\t\t\t<dt class='gallery-icon landscape'>\n\t\t\t\t<a data-fancybox=\"colibri-2755-c14-group\" href='https:\/\/herzog-ludwig-rs.de\/web\/wp-content\/uploads\/2024\/09\/Impressionen-Sommerfest-1.jpeg'><img loading=\"lazy\" decoding=\"async\"  width=\"150\" height=\"150\" src=\"https:\/\/herzog-ludwig-rs.de\/web\/wp-content\/uploads\/2024\/09\/Impressionen-Sommerfest-1-150x150.jpeg\"  class='colibri-2755-c14-image' alt=\"\" \/><\/a>\n\t\t\t<\/dt><\/dl><dl class='gallery-item masonry-item'>\n\t\t\t<dt class='gallery-icon portrait'>\n\t\t\t\t<a data-fancybox=\"colibri-2755-c14-group\" href='https:\/\/herzog-ludwig-rs.de\/web\/wp-content\/uploads\/2024\/09\/Impressionen-Sommerfest-8.jpeg'><img loading=\"lazy\" decoding=\"async\"  width=\"150\" height=\"150\" src=\"https:\/\/herzog-ludwig-rs.de\/web\/wp-content\/uploads\/2024\/09\/Impressionen-Sommerfest-8-150x150.jpeg\"  class='colibri-2755-c14-image' alt=\"\" \/><\/a>\n\t\t\t<\/dt><\/dl><dl class='gallery-item masonry-item'>\n\t\t\t<dt class='gallery-icon portrait'>\n\t\t\t\t<a data-fancybox=\"colibri-2755-c14-group\" href='https:\/\/herzog-ludwig-rs.de\/web\/wp-content\/uploads\/2024\/09\/Impressionen-Sommerfest-6.jpeg'><img loading=\"lazy\" decoding=\"async\"  width=\"150\" height=\"150\" src=\"https:\/\/herzog-ludwig-rs.de\/web\/wp-content\/uploads\/2024\/09\/Impressionen-Sommerfest-6-150x150.jpeg\"  class='colibri-2755-c14-image' alt=\"\" \/><\/a>\n\t\t\t<\/dt><\/dl><dl class='gallery-item masonry-item'>\n\t\t\t<dt class='gallery-icon portrait'>\n\t\t\t\t<a data-fancybox=\"colibri-2755-c14-group\" href='https:\/\/herzog-ludwig-rs.de\/web\/wp-content\/uploads\/2024\/09\/Impressionen-Sommerfest-7.jpeg'><img loading=\"lazy\" decoding=\"async\"  width=\"150\" height=\"150\" src=\"https:\/\/herzog-ludwig-rs.de\/web\/wp-content\/uploads\/2024\/09\/Impressionen-Sommerfest-7-150x150.jpeg\"  class='colibri-2755-c14-image' alt=\"\" \/><\/a>\n\t\t\t<\/dt><\/dl><dl class='gallery-item masonry-item'>\n\t\t\t<dt class='gallery-icon portrait'>\n\t\t\t\t<a data-fancybox=\"colibri-2755-c14-group\" href='https:\/\/herzog-ludwig-rs.de\/web\/wp-content\/uploads\/2024\/09\/Impressionen-Sommerfest-5.jpeg'><img loading=\"lazy\" decoding=\"async\"  width=\"150\" height=\"150\" src=\"https:\/\/herzog-ludwig-rs.de\/web\/wp-content\/uploads\/2024\/09\/Impressionen-Sommerfest-5-150x150.jpeg\"  class='colibri-2755-c14-image' alt=\"\" \/><\/a>\n\t\t\t<\/dt><\/dl><dl class='gallery-item masonry-item'>\n\t\t\t<dt class='gallery-icon landscape'>\n\t\t\t\t<a data-fancybox=\"colibri-2755-c14-group\" href='https:\/\/herzog-ludwig-rs.de\/web\/wp-content\/uploads\/2024\/09\/Impressionen-Sommerfest-3.jpeg'><img loading=\"lazy\" decoding=\"async\"  width=\"150\" height=\"150\" src=\"https:\/\/herzog-ludwig-rs.de\/web\/wp-content\/uploads\/2024\/09\/Impressionen-Sommerfest-3-150x150.jpeg\"  class='colibri-2755-c14-image' alt=\"\" \/><\/a>\n\t\t\t<\/dt><\/dl><dl class='gallery-item masonry-item'>\n\t\t\t<dt class='gallery-icon landscape'>\n\t\t\t\t<a data-fancybox=\"colibri-2755-c14-group\" href='https:\/\/herzog-ludwig-rs.de\/web\/wp-content\/uploads\/2024\/09\/Impressionen-Sommerfest-4.jpeg'><img loading=\"lazy\" decoding=\"async\"  width=\"150\" height=\"150\" src=\"https:\/\/herzog-ludwig-rs.de\/web\/wp-content\/uploads\/2024\/09\/Impressionen-Sommerfest-4-150x150.jpeg\"  class='colibri-2755-c14-image' alt=\"\" \/><\/a>\n\t\t\t<\/dt><\/dl><dl class='gallery-item masonry-item'>\n\t\t\t<dt class='gallery-icon portrait'>\n\t\t\t\t<a data-fancybox=\"colibri-2755-c14-group\" href='https:\/\/herzog-ludwig-rs.de\/web\/wp-content\/uploads\/2024\/09\/Weisswurstessen3.jpeg'><img loading=\"lazy\" decoding=\"async\"  width=\"150\" height=\"150\" src=\"https:\/\/herzog-ludwig-rs.de\/web\/wp-content\/uploads\/2024\/09\/Weisswurstessen3-150x150.jpeg\"  class='colibri-2755-c14-image' alt=\"\" \/><\/a>\n\t\t\t<\/dt><\/dl><dl class='gallery-item masonry-item'>\n\t\t\t<dt class='gallery-icon portrait'>\n\t\t\t\t<a data-fancybox=\"colibri-2755-c14-group\" href='https:\/\/herzog-ludwig-rs.de\/web\/wp-content\/uploads\/2024\/09\/Weisswurstessen4.jpeg'><img loading=\"lazy\" decoding=\"async\"  width=\"150\" height=\"150\" src=\"https:\/\/herzog-ludwig-rs.de\/web\/wp-content\/uploads\/2024\/09\/Weisswurstessen4-150x150.jpeg\"  class='colibri-2755-c14-image' alt=\"\" \/><\/a>\n\t\t\t<\/dt><\/dl><dl class='gallery-item masonry-item'>\n\t\t\t<dt class='gallery-icon landscape'>\n\t\t\t\t<a data-fancybox=\"colibri-2755-c14-group\" href='https:\/\/herzog-ludwig-rs.de\/web\/wp-content\/uploads\/2024\/09\/Weisswurstessen2.jpeg'><img loading=\"lazy\" decoding=\"async\"  width=\"150\" height=\"150\" src=\"https:\/\/herzog-ludwig-rs.de\/web\/wp-content\/uploads\/2024\/09\/Weisswurstessen2-150x150.jpeg\"  class='colibri-2755-c14-image' alt=\"\" \/><\/a>\n\t\t\t<\/dt><\/dl><dl class='gallery-item masonry-item'>\n\t\t\t<dt class='gallery-icon landscape'>\n\t\t\t\t<a data-fancybox=\"colibri-2755-c14-group\" href='https:\/\/herzog-ludwig-rs.de\/web\/wp-content\/uploads\/2024\/09\/Weisswurstessen.jpeg'><img loading=\"lazy\" decoding=\"async\"  width=\"150\" height=\"150\" src=\"https:\/\/herzog-ludwig-rs.de\/web\/wp-content\/uploads\/2024\/09\/Weisswurstessen-150x150.jpeg\"  class='colibri-2755-c14-image' alt=\"\" \/><\/a>\n\t\t\t<\/dt><\/dl><dl class='gallery-item masonry-item'>\n\t\t\t<dt class='gallery-icon landscape'>\n\t\t\t\t<a data-fancybox=\"colibri-2755-c14-group\" href='https:\/\/herzog-ludwig-rs.de\/web\/wp-content\/uploads\/2025\/04\/WhatsApp-Image-2025-02-27-at-11.04.33-1.jpeg'><img loading=\"lazy\" decoding=\"async\"  width=\"150\" height=\"150\" src=\"https:\/\/herzog-ludwig-rs.de\/web\/wp-content\/uploads\/2025\/04\/WhatsApp-Image-2025-02-27-at-11.04.33-1-150x150.jpeg\"  class='colibri-2755-c14-image' alt=\"\" \/><\/a>\n\t\t\t<\/dt><\/dl><dl class='gallery-item masonry-item'>\n\t\t\t<dt class='gallery-icon portrait'>\n\t\t\t\t<a data-fancybox=\"colibri-2755-c14-group\" href='https:\/\/herzog-ludwig-rs.de\/web\/wp-content\/uploads\/2025\/04\/WhatsApp-Image-2025-02-28-at-10.26.04.jpeg'><img loading=\"lazy\" decoding=\"async\"  width=\"150\" height=\"150\" src=\"https:\/\/herzog-ludwig-rs.de\/web\/wp-content\/uploads\/2025\/04\/WhatsApp-Image-2025-02-28-at-10.26.04-150x150.jpeg\"  class='colibri-2755-c14-image' alt=\"\" \/><\/a>\n\t\t\t<\/dt><\/dl><dl class='gallery-item masonry-item'>\n\t\t\t<dt class='gallery-icon portrait'>\n\t\t\t\t<a data-fancybox=\"colibri-2755-c14-group\" href='https:\/\/herzog-ludwig-rs.de\/web\/wp-content\/uploads\/2025\/04\/WhatsApp-Image-2025-02-28-at-10.26.04-1.jpeg'><img loading=\"lazy\" decoding=\"async\"  width=\"150\" height=\"150\" src=\"https:\/\/herzog-ludwig-rs.de\/web\/wp-content\/uploads\/2025\/04\/WhatsApp-Image-2025-02-28-at-10.26.04-1-150x150.jpeg\"  class='colibri-2755-c14-image' alt=\"\" \/><\/a>\n\t\t\t<\/dt><\/dl><dl class='gallery-item masonry-item'>\n\t\t\t<dt class='gallery-icon portrait'>\n\t\t\t\t<a data-fancybox=\"colibri-2755-c14-group\" href='https:\/\/herzog-ludwig-rs.de\/web\/wp-content\/uploads\/2025\/04\/WhatsApp-Image-2025-02-28-at-10.25.59.jpeg'><img loading=\"lazy\" decoding=\"async\"  width=\"150\" height=\"150\" src=\"https:\/\/herzog-ludwig-rs.de\/web\/wp-content\/uploads\/2025\/04\/WhatsApp-Image-2025-02-28-at-10.25.59-150x150.jpeg\"  class='colibri-2755-c14-image' alt=\"\" \/><\/a>\n\t\t\t<\/dt><\/dl><dl class='gallery-item masonry-item'>\n\t\t\t<dt class='gallery-icon portrait'>\n\t\t\t\t<a data-fancybox=\"colibri-2755-c14-group\" href='https:\/\/herzog-ludwig-rs.de\/web\/wp-content\/uploads\/2025\/04\/WhatsApp-Image-2025-02-28-at-10.25.58.jpeg'><img loading=\"lazy\" decoding=\"async\"  width=\"150\" height=\"150\" src=\"https:\/\/herzog-ludwig-rs.de\/web\/wp-content\/uploads\/2025\/04\/WhatsApp-Image-2025-02-28-at-10.25.58-150x150.jpeg\"  class='colibri-2755-c14-image' alt=\"\" \/><\/a>\n\t\t\t<\/dt><\/dl><dl class='gallery-item masonry-item'>\n\t\t\t<dt class='gallery-icon portrait'>\n\t\t\t\t<a data-fancybox=\"colibri-2755-c14-group\" href='https:\/\/herzog-ludwig-rs.de\/web\/wp-content\/uploads\/2025\/04\/WhatsApp-Image-2025-02-28-at-10.25.58-2.jpeg'><img loading=\"lazy\" decoding=\"async\"  width=\"150\" height=\"150\" src=\"https:\/\/herzog-ludwig-rs.de\/web\/wp-content\/uploads\/2025\/04\/WhatsApp-Image-2025-02-28-at-10.25.58-2-150x150.jpeg\"  class='colibri-2755-c14-image' alt=\"\" \/><\/a>\n\t\t\t<\/dt><\/dl><dl class='gallery-item masonry-item'>\n\t\t\t<dt class='gallery-icon portrait'>\n\t\t\t\t<a data-fancybox=\"colibri-2755-c14-group\" href='https:\/\/herzog-ludwig-rs.de\/web\/wp-content\/uploads\/2025\/04\/WhatsApp-Image-2025-02-27-at-11.33.10-1.jpeg'><img loading=\"lazy\" decoding=\"async\"  width=\"150\" height=\"150\" src=\"https:\/\/herzog-ludwig-rs.de\/web\/wp-content\/uploads\/2025\/04\/WhatsApp-Image-2025-02-27-at-11.33.10-1-150x150.jpeg\"  class='colibri-2755-c14-image' alt=\"\" \/><\/a>\n\t\t\t<\/dt><\/dl><dl class='gallery-item masonry-item'>\n\t\t\t<dt class='gallery-icon portrait'>\n\t\t\t\t<a data-fancybox=\"colibri-2755-c14-group\" href='https:\/\/herzog-ludwig-rs.de\/web\/wp-content\/uploads\/2025\/04\/WhatsApp-Image-2025-02-27-at-11.33.10.jpeg'><img loading=\"lazy\" decoding=\"async\"  width=\"150\" height=\"150\" src=\"https:\/\/herzog-ludwig-rs.de\/web\/wp-content\/uploads\/2025\/04\/WhatsApp-Image-2025-02-27-at-11.33.10-150x150.jpeg\"  class='colibri-2755-c14-image' alt=\"\" \/><\/a>\n\t\t\t<\/dt><\/dl>\n\t\t<\/div>\n<style>#colibri-2755-c14 .wp-caption-text.gallery-caption{display:none;}<\/style><\/div><\/div>\n                <\/div>\n              <\/div>\n            <\/div>\n          <\/div>\n        <\/div>\n      <\/div>\n    <\/div>\n  <\/div>\n<\/div>","protected":false},"excerpt":{"rendered":"<p>Sch\u00fclermitverantwortung Die Abk\u00fcrzung SMV steht f\u00fcr Sch\u00fclermitverantwortung. Im Rahmen der Sch\u00fclermitverantwortung soll allen Sch\u00fclern die M\u00f6glichkeit gegeben werden, Leben und Unterricht ihrer Schule ihrem Alter und ihrer Verantwortungsf\u00e4higkeit entsprechend mitzugestalten; hierf\u00fcr werden Sch\u00fclersprecher und Sch\u00fclersprecherinnen sowie deren Stellvertreter und deren Stellvertreterinnen gew\u00e4hlt. Die aktuellen Sch\u00fclersprecher sind von hinten links: Raphael Ritter, Joshua Zwiselsperger, Gerg\u00f6 Rechtenwald [&hellip;]<\/p>\n","protected":false},"author":1,"featured_media":0,"parent":0,"menu_order":0,"comment_status":"closed","ping_status":"closed","template":"page-templates\/full-width-page.php","meta":{"inline_featured_image":false,"footnotes":""},"_links":{"self":[{"href":"https:\/\/herzog-ludwig-rs.de\/web\/wp-json\/wp\/v2\/pages\/2755"}],"collection":[{"href":"https:\/\/herzog-ludwig-rs.de\/web\/wp-json\/wp\/v2\/pages"}],"about":[{"href":"https:\/\/herzog-ludwig-rs.de\/web\/wp-json\/wp\/v2\/types\/page"}],"author":[{"embeddable":true,"href":"https:\/\/herzog-ludwig-rs.de\/web\/wp-json\/wp\/v2\/users\/1"}],"replies":[{"embeddable":true,"href":"https:\/\/herzog-ludwig-rs.de\/web\/wp-json\/wp\/v2\/comments?post=2755"}],"version-history":[{"count":12,"href":"https:\/\/herzog-ludwig-rs.de\/web\/wp-json\/wp\/v2\/pages\/2755\/revisions"}],"predecessor-version":[{"id":7327,"href":"https:\/\/herzog-ludwig-rs.de\/web\/wp-json\/wp\/v2\/pages\/2755\/revisions\/7327"}],"wp:attachment":[{"href":"https:\/\/herzog-ludwig-rs.de\/web\/wp-json\/wp\/v2\/media?parent=2755"}],"curies":[{"name":"wp","href":"https:\/\/api.w.org\/{rel}","templated":true}]}}